 {"id":628,"date":"2022-03-30T10:36:15","date_gmt":"2022-03-30T09:36:15","guid":{"rendered":"https:\/\/basquefest.bilbao.eus\/gourmet\/"},"modified":"2026-03-24T12:51:22","modified_gmt":"2026-03-24T11:51:22","slug":"gourmet","status":"publish","type":"page","link":"https:\/\/basquefest.bilbao.eus\/fr\/gourmet\/","title":{"rendered":"Gourmet"},"content":{"rendered":"<section class=\"module-gourmet\">\r\n   <div class=\"container\">\r\n\r\n      <div class=\"row\">\r\n         <div class=\"col-md-10 txt\">\r\n           <p class=\"resaltado\">GOURMET : ANIMATIONS CULINAIRES EN DIRECT<\/p>\r\n           <p>La gastronomie sera tr\u00e8s pr\u00e9sente lors de cette \u00e9dition \u00e0 travers un espace dans lequel se d\u00e9rouleront des \u00ab show cooking \u00bb (animations culinaires), avec des d\u00e9monstrations en direct toutes les demi-heures, o\u00f9 les participants pourront en savoir plus sur certains produits de saison. Une proposition qui renforce le caract\u00e8re urbain et dynamique du festival.<\/p>\r\n            \r\n         <\/div>\r\n         <div class=\"col-md-12 txt\">\r\n            <img loading=\"lazy\" alt=\"\" width=\"1920\" height=\"1080\" class=\"aligncenter size-full wp-image-3834 lazyload\" sizes=\"(max-width: 1920px) 100vw, 1920px\" data-srcset=\"https:\/\/basquefest.bilbao.eus\/assets\/media\/BF26-galeria-h-gourmet-1.jpg 1920w, https:\/\/basquefest.bilbao.eus\/assets\/media\/BF26-galeria-h-gourmet-1-150x84.jpg 150w, https:\/\/basquefest.bilbao.eus\/assets\/media\/BF26-galeria-h-gourmet-1-300x169.jpg 300w, https:\/\/basquefest.bilbao.eus\/assets\/media\/BF26-galeria-h-gourmet-1-400x225.jpg 400w, https:\/\/basquefest.bilbao.eus\/assets\/media\/BF26-galeria-h-gourmet-1-480x270.jpg 480w, https:\/\/basquefest.bilbao.eus\/assets\/media\/BF26-galeria-h-gourmet-1-550x309.jpg 550w, https:\/\/basquefest.bilbao.eus\/assets\/media\/BF26-galeria-h-gourmet-1-768x432.jpg 768w, https:\/\/basquefest.bilbao.eus\/assets\/media\/BF26-galeria-h-gourmet-1-992x558.jpg 992w, https:\/\/basquefest.bilbao.eus\/assets\/media\/BF26-galeria-h-gourmet-1-1200x675.jpg 1200w\" data-src=\"https:\/\/basquefest.bilbao.eus\/assets\/media\/BF26-galeria-h-gourmet-1.jpg\">\r\n         <\/div>\r\n          \r\n      <\/div>\r\n\r\n          \r\n      \r\n   <\/div>\r\n<\/section>","protected":false},"excerpt":{"rendered":"<p>GOURMET : ANIMATIONS CULINAIRES EN DIRECT La gastronomie sera tr\u00e8s pr\u00e9sente lors de cette \u00e9dition \u00e0 travers un espace dans lequel se d\u00e9rouleront des \u00ab show cooking \u00bb (animations culinaires), avec des d\u00e9monstrations en direct toutes les demi-heures, o\u00f9 les participants pourront en savoir plus sur certains produits de saison. Une proposition qui renforce le [&hellip;]<\/p>\n","protected":false},"author":13,"featured_media":0,"parent":0,"menu_order":0,"comment_status":"closed","ping_status":"closed","template":"","meta":[],"acf":[],"_links":{"self":[{"href":"https:\/\/basquefest.bilbao.eus\/fr\/wp-json\/wp\/v2\/pages\/628"}],"collection":[{"href":"https:\/\/basquefest.bilbao.eus\/fr\/wp-json\/wp\/v2\/pages"}],"about":[{"href":"https:\/\/basquefest.bilbao.eus\/fr\/wp-json\/wp\/v2\/types\/page"}],"author":[{"embeddable":true,"href":"https:\/\/basquefest.bilbao.eus\/fr\/wp-json\/wp\/v2\/users\/13"}],"replies":[{"embeddable":true,"href":"https:\/\/basquefest.bilbao.eus\/fr\/wp-json\/wp\/v2\/comments?post=628"}],"version-history":[{"count":36,"href":"https:\/\/basquefest.bilbao.eus\/fr\/wp-json\/wp\/v2\/pages\/628\/revisions"}],"predecessor-version":[{"id":4118,"href":"https:\/\/basquefest.bilbao.eus\/fr\/wp-json\/wp\/v2\/pages\/628\/revisions\/4118"}],"wp:attachment":[{"href":"https:\/\/basquefest.bilbao.eus\/fr\/wp-json\/wp\/v2\/media?parent=628"}],"curies":[{"name":"wp","href":"https:\/\/api.w.org\/{rel}","templated":true}]}}

<section class="module-gourmet">
   <div class="container">

      <div class="row">
         <div class="col-md-10 txt">
           <p class="resaltado">GOURMET : ANIMATIONS CULINAIRES EN DIRECT</p>
           <p>La gastronomie sera très présente lors de cette édition à travers un espace dans lequel se dérouleront des « show cooking » (animations culinaires), avec des démonstrations en direct toutes les demi-heures, où les participants pourront en savoir plus sur certains produits de saison. Une proposition qui renforce le caractère urbain et dynamique du festival.</p>
            
         </div>
         <div class="col-md-12 txt">
            <img loading="lazy" alt="" width="1920" height="1080" class="aligncenter size-full wp-image-3834 lazyload" sizes="(max-width: 1920px) 100vw, 1920px" data-srcset="https://basquefest.bilbao.eus/assets/media/BF26-galeria-h-gourmet-1.jpg 1920w, https://basquefest.bilbao.eus/assets/media/BF26-galeria-h-gourmet-1-150x84.jpg 150w, https://basquefest.bilbao.eus/assets/media/BF26-galeria-h-gourmet-1-300x169.jpg 300w, https://basquefest.bilbao.eus/assets/media/BF26-galeria-h-gourmet-1-400x225.jpg 400w, https://basquefest.bilbao.eus/assets/media/BF26-galeria-h-gourmet-1-480x270.jpg 480w, https://basquefest.bilbao.eus/assets/media/BF26-galeria-h-gourmet-1-550x309.jpg 550w, https://basquefest.bilbao.eus/assets/media/BF26-galeria-h-gourmet-1-768x432.jpg 768w, https://basquefest.bilbao.eus/assets/media/BF26-galeria-h-gourmet-1-992x558.jpg 992w, https://basquefest.bilbao.eus/assets/media/BF26-galeria-h-gourmet-1-1200x675.jpg 1200w" data-src="https://basquefest.bilbao.eus/assets/media/BF26-galeria-h-gourmet-1.jpg">
         </div>
          
      </div>

          
      
   </div>
</section>

<p>GOURMET : ANIMATIONS CULINAIRES EN DIRECT La gastronomie sera très présente lors de cette édition à travers un espace dans lequel se dérouleront des « show cooking » (animations culinaires), avec des démonstrations en direct toutes les demi-heures, où les participants pourront en savoir plus sur certains produits de saison. Une proposition qui renforce le [&hellip;]</p>
